factors of 330?
2, 3, 5, 11
What are the prime factors of 1557?
3, 173
What are the prime factors of 862?
2, 431
List the prime factors of 120135.
3, 5, 8009
List the prime factors of 2871.
3, 11, 29
What are the prime factors of 11641?
7, 1663
List the prime factors of 123784.
2, 15473
List the prime factors of 465.
3, 5, 31
List the prime factors of 583.
11, 53
What are the prime factors of 8761?
8761
What are the prime factors of 61180?
2, 5, 7, 19, 23
List the prime factors of 12381.
3, 4127
What are the prime factors of 1100?
2, 5, 11
What are the prime factors of 15907?
15907
List the prime factors of 22382.
2, 19, 31
What are the prime factors of 40600?
2, 5, 7, 29
List the prime factors of 7663.
79, 97
List the prime factors of 398.
2, 199
What are the prime factors of 2737?
7, 17, 23
What are the prime factors of 56?
2, 7
List the prime factors of 467.
467
What are the prime factors of 194?
2, 97
What are the prime factors of 84063?
3, 7, 4003
What are the prime factors of 71861?
71861
What are the prime factors of 871?
13, 67
List the prime factors of 11366.
2, 5683
List the prime factors of 2291.
29, 79
What are the prime factors of 8775?
3, 5, 13
What are the prime factors of 29495?
5, 17, 347
List the prime factors of 2448.
2, 3, 17
What are the prime factors of 8522?
2, 4261
List the prime factors of 776.
2, 97
What are the prime factors of 1102?
2, 19, 29
List the prime factors of 56604.
2, 3, 53, 89
What are the prime factors of 38834?
2, 19417
What are the prime factors of 264?
2, 3, 11
What are the prime factors of 8133?
3, 2711
What are the prime factors of 45390?
2, 3, 5, 17, 89
What are the prime factors of 1533?
3, 7, 73
List the prime factors of 131.
131
List the prime factors of 12104.
2, 17, 89
What are the prime factors of 77860?
2, 5, 17, 229
List the prime factors of 4394.
2, 13
List the prime factors of 10793.
43, 251
What are the prime factors of 10314?
2, 3, 191
List the prime factors of 18127.
18127
List the prime factors of 560.
2, 5, 7
What are the prime factors of 14891?
14891
List the prime factors of 6702.
2, 3, 1117
What are the prime factors of 6362?
2, 3181
What are the prime factors of 3584?
2, 7
What are the prime factors of 15449?
7, 2207
What are the prime factors of 1467?
3, 163
List the prime factors of 2277.
3, 11, 23
What are the prime factors of 174?
2, 3, 29
List the prime factors of 254.
2, 127
What are the prime factors of 3981?
3, 1327
List the prime factors of 38183.
38183
List the prime factors of 1746.
2, 3, 97
What are the prime factors of 967?
967
List the prime factors of 725.
5, 29
What are the prime factors of 6978?
2, 3, 1163
List the prime factors of 4763.
11, 433
List the prime factors of 6029.
6029
List the prime factors of 19409.
13, 1493
List the prime factors of 1390.
2, 5, 139
List the prime factors of 603.
3, 67
List the prime factors of 27527.
27527
List the prime factors of 4682.
2, 2341
List the prime factors of 1078.
2, 7, 11
What are the prime factors of 1930?
2, 5, 193
List the prime factors of 19106.
2, 41, 233
List the prime factors of 39902.
2, 71, 281
List the prime factors of 412.
2, 103
What are the prime factors of 635?
5, 127
What are the prime factors of 1161?
3, 43
List the prime factors of 2918.
2, 1459
What are the prime factors of 2347?
2347
What are the prime factors of 979?
11, 89
What are the prime factors of 31657?
31657
List the prime factors of 3909.
3, 1303
List the prime factors of 5650.
2, 5, 113
What are the prime factors of 29382?
2, 3, 59, 83
List the prime factors of 966.
2, 3, 7, 23
List the prime factors of 1452.
2, 3, 11
List the prime factors of 91782.
2, 3, 5099
What are the prime factors of 38131?
17, 2243
List the prime factors of 1887.
3, 17, 37
What are the prime factors of 94588?
2, 13, 17, 107
What are the prime factors of 7829?
7829
What are the prime factors of 651?
3, 7, 31
List the prime factors of 8594.
2, 4297
List the prime factors of 3717.
3, 7, 59
List the prime factors of 1843.
19, 97
What are the prime factors of 3755?
5, 751
List the prime factors of 2241.
3, 83
What are the prime factors of 85892?
2, 109, 197
What are the prime factors of 1172?
2, 293
List the prime factors of 1979.
1979
List the prime factors of 48044.
2, 12011
What are the prime factors of 60955?
5, 73, 167
List the prime factors of 141305.
5, 59, 479
What are the prime factors of 8972?
2, 2243
What are the prime factors of 381?
3, 127
What are the prime factors of 1378?
2, 13, 53
What are the prime factors of 1889?
1889
What are the prime factors of 3552?
2, 3, 37
What are the prime factors of 94?
2, 47
List the prime factors of 26217.
3, 971
What are the prime factors of 2606?
2, 1303
List the prime factors of 19074.
2, 3, 11, 17
What are the prime factors of 6478?
2, 41, 79
List the prime factors of 2970.
2, 3, 5, 11
List the prime factors of 4184.
2, 523
List the prime factors of 4644.
2, 3, 43
List the prime factors of 12331.
11, 19, 59
List the prime factors of 2578.
2, 1289
What are the prime factors of 146?
2, 73
List the prime factors of 40109.
19, 2111
What are the prime factors of 72220?
2, 5, 23, 157
List the prime factors of 12697.
12697
List the prime factors of 1296.
2, 3
List the prime factors of 1059.
3, 353
What are the prime factors of 2453?
11, 223
What are the prime factors of 1338?
2, 3, 223
List the prime factors of 3285.
3, 5, 73
List the prime factors of 1924.
2, 13, 37
What are the prime factors of 110055?
3, 5, 11, 23, 29
What are the prime factors of 1862?
2, 7, 19
What are the prime factors of 6529?
6529
What are the prime factors of 3608?
2, 11, 41
What are the prime factors of 10162?
2, 5081
What are the prime factors of 127340?
2, 5, 6367
List the prime factors of 38.
2, 19
What are the prime factors of 17252?
2, 19, 227
What are the prime factors of 4487?
7, 641
List the prime factors of 3241.
7, 463
What are the prime factors of 1034?
2, 11, 47
What are the prime factors of 11747?
17, 691
List the prime factors of 17879.
19, 941
List the prime factors of 106776.
2, 3, 1483
List the prime factors of 11657.
11657
What are the prime factors of 3301?
3301
List the prime factors of 1464.
2, 3, 61
What are the prime factors of 7441?
7, 1063
List the prime factors of 68847.
3, 53, 433
List the prime factors of 6799.
13, 523
What are the prime factors of 36781?
36781
What are the prime factors of 29599?
29599
List the prime factors of 27.
3
What are the prime factors of 563?
563
What are the prime factors of 2662?
2, 11
List the prime factors of 86688.
2, 3, 7, 43
What are the prime factors of 799?
17, 47
What are the prime factors of 1026?
2, 3, 19
What are the prime factors of 13595?
5, 2719
List the prime factors of 1097.
1097
List the prime factors of 1281.
3, 7, 61
List the prime factors of 6805.
5, 1361
List the prime factors of 26786.
2, 59, 227
List the prime factors of 4526.
2, 31, 73
What are the prime factors of 192?
2, 3
What are the prime factors of 1498?
2, 7, 107
What are the prime factors of 597?
3, 199
List the prime factors of 614.
2, 307
List the prime factors of 2163.
3, 7, 103
List the prime factors of 39874.
2, 19937
What are the prime factors of 26406?
2, 3, 163
What are the prime factors of 15450?
2, 3, 5, 103
What are the prime factors of 12735?
3, 5, 283
List the prime factors of 9108.
2, 3, 11, 23
What are the prime factors of 649?
11, 59
List the prime factors of 765.
3, 5, 17
List the prime factors of 1852.
2, 463
What are the prime factors of 84748?
2, 21187
What are the prime factors of 110116?
2, 27529
What are the prime factors of 51845?
5, 10369
List the prime factors of 22.
2, 11
What are the prime factors of 42669?
3, 11, 431
List the prime factors of 10976.
2, 7
List the prime factors of 26826.
2, 3, 17, 263
List the prime factors of 15734.
2, 7867
What are the prime factors of 65290?
2, 5, 6529
List the prime factors of 4413.
3, 1471
List the prime factors of 12337.
13, 73
What are the prime factors of 10041?
3, 3347
List the prime factors of 855.
3, 5, 19
What are the prime factors of 6571?
6571
List the prime factors of 1070.
2, 5, 107
What are the prime factors of 587?
587
List the prime factors of 2054.
2, 13, 79
List the prime factors of 618.
2, 3, 103
List the prime factors of 